) = 3*j - 20. What is a(d)?
4
Let i be 13 + (-117)/(8 + 5). Let s(j) = 0 + 0 + j + 1. Calculate s(i).
5
Let i = -75 - -74. Let x be (i - 4) + 3 + -4. Let v be (24/(-9) + 2)*x. Let m(k) = -k**2 + 5*k - 4. Determine m(v).
0
Let t(z) = z + 3. Let a be -3*5 - (-714)/102. Let x(m) = 17 + 5 + 2*m - 3. Let j be x(a). Determine t(j).
6
Let x(i) = -93*i + 606*i - 498*i - 9. Determine x(3).
36
Let f(n) be the second derivative of n**4/12 - n**3/2 - 3*n**2/2 - 250*n. Give f(5).
7
Let n = 652 + -536. Let y(d) = -7 + 115*d**2 - 6 + 13*d - 6 - n*d**2. Determine y(12).
-7
Let l(w) = w**2 + 226*w + 8784. Let c be l(-50). Let a(g) = g**3 + 16*g**2 + 2*g - 23. Determine a(c).
-55
Suppose 17*f + 144 = 15*f. Let u = 85 + f. Let c(m) = 6 + 8*m + 4*m - 1 - u*m. Determine c(0).
5
Let b be ((-10)/(-15))/(1/(-39)). Let s = b - -29. Let l(c) = -15*c - c**s - 9*c + 21*c + 2*c**3. Determine l(3).
18
Suppose -6*u - 8*u = -574. Suppose 2*o + u - 25 = 4*i, -4*o + 4*i - 24 = 0. Let a(w) = w**3 + 4*w**2 + w + 1. Determine a(o).
-3
Suppose 21 = 3*w - 2*a, 3*w = -0*w - 4*a + 21. Let p(m) be the third derivative of m**4/12 - 5*m**3/6 - 28*m**2 + 804. Give p(w).
9
Let j(t) = -3*t**2 + 44 + 3*t**2 - 13725*t + t**2 + 13742*t - 1. Determine j(-3).
1
Let v(n) = 4*n - 197. Let s(y) = 3*y - 138. Let o(z) = -7*s(z) + 5*v(z). Determine o(0).
-19
Suppose -20 = 2*c + 4*x, 5*c + 3*x + 32 = -x. Let q(r) be the first derivative of 58 + 1/4*r**4 - r - 3/2*r**2 + r**3. Give q(c).
-5
Let a(p) = 5*p**2 + 55*p + 50. Let n be a(-10). Let y(q) be the second derivative of q**3 - 27*q - 1/12*q**4 - 5/2*q**2 + n. Determine y(4).
3
Let j = 5 + 4. Let b be 8*-1*j/12. Let x(y) = y + 1. Let u(n) = -4*n + 3. Let w(l) = u(l) + 5*x(l). Calculate w(b).
2
Let z(u) = -5*u**2 - 35*u + 12. Let g be z(-7). Let v(b) = b**3 - 9*b**2 - 34*b - 21. Determine v(g).
3
Let k(a) = -a - 3. Suppose -r = -b - 2, 4*r = 5*r + b - 2. What is k(r)?
-5
Suppose 0 = -15*k + 50 - 20. Let t(o) = 6*o + k*o - 4*o - 12 - 5*o. Calculate t(0).
-12
Let d(l) = l**2 + 8*l - 9. Let q(o) = 6*o**3 + 2*o**2 + o - 2. Let z = 318 + -319. Let m be q(z). What is d(m)?
-16
Let i(x) = x**3 + 8*x**2 - 7*x + 2. Suppose -v = -11*v + 1530. Suppose 0 = -12*u - 5*u - v. Determine i(u).
-16
Let w(t) = 2*t**3 - 5*t**2 - 5*t - 9. Let c(h) = h**3 - h + 2. Let i(x) = c(x) - w(x). What is i(6)?
-1
Let c be (5/2)/((-6)/(-12)). Let m(b) = b + 15. Let z(j) = 3*j + 31. Let t(y) = c*m(y) - 2*z(y). Suppose s - 5 = 1. Give t(s).
7
Let m(a) = 3*a**3 - 22*a**2 - 16*a - 8. Let h be m(8). Let b(y) = -y**3 - 9*y**2 - 13*y + 8. Calculate b(h).
48
Let f be ((-64)/12)/(-8) + (-230)/(-69). Let n(b) = b**3 + b**2 + 2*b + 1. Give n(f).
89
Let n(u) = -27*u - 139. Suppose 0 = 2*f - 4, 0 = -2*y - 6*f + 4*f - 6. Calculate n(y).
-4
Let p be (-838)/120 - (273 + -280). Let l(q) be the third derivative of -13*q**2 + 0*q + 1/12*q**4 - p*q**5 - 2/3*q**3 + 0. Determine l(3).
-7
Let l(r) = 2*r. Let m(p) = -3*p. Suppose 4*s + 2*i = 20, 5*s - i + 8 - 19 = 0. Let t(g) = s*m(g) + 4*l(g). Let c = 345 + -336. Calculate t(c).
-9
Let j(x) = -32*x + 7. Let q be j(0). Let i(v) = q*v**2 + 4*v**3 - 3*v + v - 5*v**2 + 0*v. Give i(2).
36
Let b(u) = -3*u - 6. Let q(z) = -2*z**2 + 10*z + 17. Let v(f) = -7*b(f) - 2*q(f). Determine v(-4).
68
Suppose h - 53*h = 312. Let y(j) = -j**2 - 5*j + 5. Calculate y(h).
-1
Let g(a) = -5*a + a**3 - 5*a**2 + 4*a + 2*a**2 - 1. Let c = -358 + 361. What is g(c)?
-4
Suppose -2*b = -m - 3165, 0*m - 1579 = -b - 3*m. Let w(k) = 8*k + b - 1587 - 6*k. Calculate w(-5).
-15
Let z(c) be the second derivative of 0*c**2 + 0 + 148*c - 1/3*c**3. Give z(-1).
2
Let b = 8 - 3. Let n = -104 - -164. Let s(y) = y**2 - 2 - 3 + n*y - 63*y. Give s(b).
5
Let p(u) = u**3 - u**2 + 106. Let i(o) = 50*o**2 + 194*o - 24. Let x be i(-4). What is p(x)?
106
Let r(z) be the first derivative of 3*z + 3/2*z**2 + 406. Let q(i) = i**3 - 5*i**2 - 5*i - 1. Let h be q(6). Give r(h).
18
Suppose 4*f + 17 = 3*j - 6, -5*f - 25 = 0. Let s be (4 + 2 + -3)/j. Let w(u) = 2*u**2 - 14*u + 13*u**s + 1 + 13*u - 3*u**2. Determine w(1).
12
Let t(m) be the first derivative of m**3/3 - 2*m**2 - 21*m + 2820. What is t(6)?
-9
Suppose 12 = -9*p + 3*p. Let f be (p/(-6))/(4/264). Suppose f - 8 = 2*c. Let x(n) = -n**2 + 9*n + 5. Give x(c).
19
Let g(u) = 3*u**2 - 27*u + 5. Let h be g(9). Let n be ((-8)/h)/(1 - 28/20). Let r(w) = -4*w + 1. What is r(n)?
-15
Let p(a) be the first derivative of 2/3*a**3 - 7/2*a**2 - 162 + 1/4*a**4 + 2*a. Determine p(-4).
-2
Let o(t) be the first derivative of 17*t**4/4 + 2*t**3/3 - t - 267. Suppose -5*a = 4*u + 25, 0 = u + 4*a + a - 5. Let q = -9 - u. What is o(q)?
18
Let d be (105/(-60))/(1/(-4)). Let m(r) = 2*r**3 + 9*r**2 - r + 10. Let z(h) = -h**3 - h**2 + h - 1. Let f(l) = m(l) + 3*z(l). What is f(d)?
-28
Let v(h) be the first derivative of 80 + 1/4*h**4 - 8/3*h**3 + 8*h - h**2. Give v(8).
-8
Let s be 4/(-7) - (-6 - 152/(-28)). Suppose 2*y + 3*y = s. Let k(j) = y + 9 - 3 - j. What is k(3)?
3
Let h be 7465/(-20) - (-9)/36. Let r = 365 + h. Let m(g) = -g**3 - 9*g**2 - 10*g - 18. Calculate m(r).
-2
Let g = -1074 + 1078. Let c(u) = 4*u + 16. Let y(n) = 3*n + 12. Let t(m) = g*c(m) - 5*y(m). Let s(b) = -2*b + 3. Let l be s(3). What is t(l)?
1
Let u = -149 - -169. Let g = u - 18. Let j(i) = -i - 4. Determine j(g).
-6
Let l = -91 - -95. Let p be (1*-7)/(-11 - -12) + l. Let i(j) = j - 4. What is i(p)?
-7
Let c(g) be the first derivative of -g**5/20 - 5*g**4/12 - g**3/2 + 37*g + 54. Let f(j) be the first derivative of c(j). Calculate f(-4).
-4
Suppose -3*n + 2*z + 22 = 0, 2*z = -5*n + 6 + 4. Let k(o) = -3 + 548*o**2 - o**3 + 346*o**2 - 890*o**2 + o. Calculate k(n).
1
Let c(x) = -3*x**2 - 183*x + 2621. Let t be c(12). Let z(j) = j + 4 - 4*j - j. Give z(t).
32
Let k = -17 + 18. Let t(o) = -4*o + 0*o + 4 + 5*o + k. Let x(l) = l**2 - 10*l - 711. Let p be x(-22). What is t(p)?
-2
Let z = -67 - -70. Let n(k) be the second derivative of -7*k**3/6 - k**2/2 - k. Determine n(z).
-22
Suppose 3*i = 4*v - 141, 2*v - 3*v + 5*i = -31. Suppose -27*k + 36*k = -v. Let d(j) = -51*j**2 - j**3 + j + j + 48*j**2 + 2. Calculate d(k).
10
Let m(j) = -3*j**2 + j - 1. Let h(t) = 2*t**2 - t + 1. Suppose -8*k + 3 - 51 = 0. Let a(n) = k*h(n) - 3*m(n). Determine a(2).
-9
Let i be (-2)/(12/16*(138/18 - 7)). Let l(c) = 2*c**3 + 7*c**2 - 2*c + 4. Calculate l(i).
-4
Let b(g) be the first derivative of 5*g**2/2 - 10. Suppose 3*f = 3*j + 21, -3*j + 11 = 5*f - 8. Suppose -f*w - 23 = 4*r, 0*r + 3*r - 2*w = 0. Give b(r).
-10
Let y(h) be the third derivative of h**6/120 - 2*h**3 - 425*h**2. What is y(3)?
15
Let d(j) = j**2 - 4*j - 9. Let u(v) = -197*v + 1179. Let s be u(6). Give d(s).
12
Let b(x) = x**3 - x**2 - x. Let i(q) = 4*q**3 + q**2 + q + 1. Suppose -d + s = 2, 0*s - 2*s = 2*d - 8. Let n(m) = d*i(m) - 5*b(m). Determine n(7).
-6
Let c(b) be the third derivative of -b**6/120 + b**5/60 + b**4/8 + 2*b**3/3 - 1941*b**2. Let f = 0 + 3. What is c(f)?
-5
Let j(a) = a**2 + a. Let n(p) = -5*p**2 + 6*p + 2. Suppose 3*l = 2*h - 20, 6*l - l + 31 = h. Let r(u) = l*j(u) - n(u). What is r(-12)?
-2
Let m = -11 + 7. Let r be (-2)/(-10) + (1664/(-10))/(-13). Let u(i) = 12 - 3 - i - 18 + r. What is u(m)?
8
Let c(x) = x + 4 + 0*x - 2*x**2 - 2*x. Let m = -3641 - -3643. Calculate c(m).
-6
Suppose -64 = -6*p - 4. Let l(d) = 7*d + 4*d - d - 9*d + p. Give l(-16).
-6
Suppose -26185 = 6*j - 26191. Suppose -5*a + 40 = 4*i, 2*i = -2*a + 21 - 3. Let t(v) = 0*v - i*v + 2 - 3. Give t(j).
-6
Let k = 68 - 66. Suppose k*w + 2 = 2*b, 3*w + 2 = 4*b - 3. Let s(g) = -4*g**2 - 65*g**3 - b*g + 37*g**3 + 6 + 29*g**3. What is s(5)?
21
Let l(a) = 19*a + 73. Let b be l(-4). Let g(w) = 4*w + 3 - 2*w**2 - 3*w - 4*w + 1. Give g(b).
-5
Let u(o) be the third derivative of -3*o**4/4 + 172*o**3/3 + 46*o**2 + 36. Determine u(19).
2
Let f = 1045 + 131. Let o(s) = -s - 10*s + f*s**2 + 2 - 1175*s**2. Give o(10).
-8
Let o = 0 - 0. Suppose o*a + 10 = -2*a. Let f(g) = 2*g + 6. Give f(a).
-4
Let z(h) be the first derivative of -3*h**4/4 + 5*h**3 + 43*h**2/2 - 12*h - 590. Give z(7).
-5
Let l(t) = 2*t**3 + 96*t**2 + 98*t + 188. Let a be l(-47). Let u(w) = w - 45. What is u(a)?
-45
Let h = 594 - 594. Let y(k) = -3*k - 4*k**2 - 3 + 5 + h*k + k**3 + 0. What is y(4)?
-10
Suppose 0 = 3*j - 6, 13*t - 8*t + j =